{"id":27,"date":"2022-12-12T21:23:55","date_gmt":"2022-12-12T21:23:55","guid":{"rendered":"https:\/\/geografiearad.ro\/?page_id=27"},"modified":"2022-12-12T21:23:55","modified_gmt":"2022-12-12T21:23:55","slug":"despre-noi","status":"publish","type":"page","link":"https:\/\/geografiearad.ro\/?page_id=27","title":{"rendered":"Despre noi"},"content":{"rendered":"\n<p>Societatea de Geografie Arad este o organiza\u021bie neguvernamental\u0103, de drept privat, \u00eenfiin\u021bat\u0103 \u00een<br>1995 de c\u0103tre un grup de profesori de geografie pasiona\u021bi.<\/p>\n\n\n\n<p>In 2021 asocia\u021bia a trecut printr-un proces de reconstruc\u021bie, necesar atingerii scopului propus<br>\u201dde a stimula cercetarea \u0219tiin\u021bific\u0103 \u0219i metodologic\u0103 \u00een domeniul \u0219tiin\u021belor geografice \u00een vederea<br>con\u0219tientiz\u0103rii opiniei publice asupra problemelor actuale ale omenirii\u201d. Urmare a acestui proces este<br>\u0219i structurarea asocia\u021biei \u00een trei departamente:<\/p>\n\n\n\n<p>Geografia ca \u0219tiin\u021b\u0103: organizeaz\u0103 \u0219i deruleaz\u0103 activit\u0103\u021bi de cercetare \u0219tiin\u021bific\u0103 pentru membrii<br>asocia\u021biei sau beneficiarii asocia\u021biei \u2013 responsabil prof. Radu Bereteu<\/p>\n\n\n\n<p>Geografia \u0219colar\u0103: organizeaz\u0103 \u0219i deruleaz\u0103 activit\u0103\u021bi didactice \u0219i metodice pentru membrii<br>asocia\u021biei sau beneficiarii asocia\u021biei \u2013 responsabil prof. Lavinia Bundik<\/p>\n\n\n\n<p>Geografia pentru to\u021bi: organizeaz\u0103 \u0219i deruleaz\u0103 activit\u0103\u021bi de promovare a geografiei \u0219i \u0219tiin\u021belor<br>mediului \u00eenconjur\u0103tor \u00een r\u00e2ndul popula\u021biei \u2013 responsabil prof. Marius \u021aiu<br>Secretarul asocia\u021biei este prof. Alin Cristina Beretu, cenzor este prof. Daniel G\u00e2ta, pentru ca<br>pre\u0219edintele asocia\u021biei s\u0103 fie prof. Dorel Gureanu. Aceasta este \u0219i structura Consiliului Director, ales<br>pentru un mandat de 4 ani.<br>Asocia\u021bia are urm\u0103toarele categorii de membri:<\/p>\n\n\n\n<p>Membrii fondatori: sunt cei care au constituit asocia\u021bia \u0219i au contribuit moral \u0219i<br>material la \u00eenfiin\u021barea ei \u0219i la constituirea patrimoniului social.<\/p>\n\n\n\n<p>Membrii asocia\u021bi: sunt cei care se asociaz\u0103 ulterior \u00eenfiin\u021b\u0103rii asocia\u021biei \u0219i<br>contribui moral \u0219i material la completarea patrimoniului asocia\u021biei.<\/p>\n\n\n\n<p>Membrii sus\u021bin\u0103tori: sunt cei care sus\u021bin moral \u0219i material asocia\u021bia, dar nu vor<br>s\u0103 \u00ee\u0219i asume drepturile \u0219i obliga\u021biile membrilor fondatori \u0219i asocia\u021bi.<\/p>\n\n\n\n<p>Membrii de onoare: sunt persoanele cu autoritate \u0219tiin\u021bific\u0103 \u0219i\/sau didactic\u0103<br>recunoscut\u0103 \u00een domeniul \u0219tiin\u021belor geografice din \u021bar\u0103 \u0219i de peste hotare, care \u0219i-au adus o<br>contribu\u021bie deosebit\u0103 la progresul \u0219tiin\u021belor geografice.<br>Calitatea de membru asociat se dob\u00e2nde\u0219te prin cerere scris\u0103, recunoa\u0219terea statutului \u0219i plata<br>contribu\u021biei de \u00eenscriere.<br>Activit\u0103\u021bile membrilor asocia\u021biei sunt grupate \u00een mai multe programe, unele derul\u00e2ndu-se deja<br>sau aflate \u00e2n curs de derulare:<\/p>\n\n\n\n<p>\u201dSimpozionul Societ\u0103\u021bii de Geografie\u201d, care are rolul de a promova \u0219i populariza rezultatele<br>cercet\u0103rilor efectuate de profesori de geografie<\/p>\n\n\n\n<p>\u201d\u00cenapoi \u00een Natur\u0103\u201d, este un concurs de drume\u021bie montan\u0103 dedicat elevilor de liceu cu scopul<br>de a le forma acestora deprinderile necesare parcurgerii unui traseu turistic montan<\/p>\n\n\n\n<p>\u201dCunoa\u0219te-\u021bi Jude\u021bul\u201d, are rolul de a realiza o radiografie geografic\u0103 a unor spa\u021bii din jude\u021bul<br>Arad \u0219i de a le promova<\/p>\n\n\n\n<p>\u201dContribu\u021bii Monografice\u201d, reprezint\u0103 aportul adus de profesorii ge geografie ar\u0103deni la<br>realizarea unor analize cu caracter monografic a unor localit\u0103\u021bi sau unit\u0103\u021bi administrativ-<br>teritoriale ar\u0103dene.<\/p>\n","protected":false},"excerpt":{"rendered":"<p>Societatea de Geografie Arad este o organiza\u021bie neguvernamental\u0103, de drept privat, \u00eenfiin\u021bat\u0103 \u00een1995 de c\u0103tre un grup de profesori de geografie pasiona\u021bi. In 2021 asocia\u021bia a trecut printr-un proces de reconstruc\u021bie, necesar atingerii scopului propus\u201dde a stimula cercetarea \u0219tiin\u021bific\u0103 \u0219i metodologic\u0103 \u00een domeniul \u0219tiin\u021belor geografice \u00een vedereacon\u0219tientiz\u0103rii opiniei publice asupra problemelor actuale ale omenirii\u201d. Urmare &hellip; <\/p>\n<p class=\"link-more\"><a href=\"https:\/\/geografiearad.ro\/?page_id=27\" class=\"more-link\">Cite\u0219te mai multe<span class=\"screen-reader-text\">\u201eDespre noi\u201d<\/span><\/a><\/p>\n","protected":false},"author":1,"featured_media":0,"parent":0,"menu_order":0,"comment_status":"closed","ping_status":"closed","template":"","meta":[],"_links":{"self":[{"href":"https:\/\/geografiearad.ro\/index.php?rest_route=\/wp\/v2\/pages\/27"}],"collection":[{"href":"https:\/\/geografiearad.ro\/index.php?rest_route=\/wp\/v2\/pages"}],"about":[{"href":"https:\/\/geografiearad.ro\/index.php?rest_route=\/wp\/v2\/types\/page"}],"author":[{"embeddable":true,"href":"https:\/\/geografiearad.ro\/index.php?rest_route=\/wp\/v2\/users\/1"}],"replies":[{"embeddable":true,"href":"https:\/\/geografiearad.ro\/index.php?rest_route=%2Fwp%2Fv2%2Fcomments&post=27"}],"version-history":[{"count":1,"href":"https:\/\/geografiearad.ro\/index.php?rest_route=\/wp\/v2\/pages\/27\/revisions"}],"predecessor-version":[{"id":29,"href":"https:\/\/geografiearad.ro\/index.php?rest_route=\/wp\/v2\/pages\/27\/revisions\/29"}],"wp:attachment":[{"href":"https:\/\/geografiearad.ro\/index.php?rest_route=%2Fwp%2Fv2%2Fmedia&parent=27"}],"curies":[{"name":"wp","href":"https:\/\/api.w.org\/{rel}","templated":true}]}}

<p>Societatea de Geografie Arad este o organizație neguvernamentală, de drept privat, înființată în<br>1995 de către un grup de profesori de geografie pasionați.</p>



<p>In 2021 asociația a trecut printr-un proces de reconstrucție, necesar atingerii scopului propus<br>”de a stimula cercetarea științifică și metodologică în domeniul științelor geografice în vederea<br>conștientizării opiniei publice asupra problemelor actuale ale omenirii”. Urmare a acestui proces este<br>și structurarea asociației în trei departamente:</p>



<p>Geografia ca știință: organizează și derulează activități de cercetare științifică pentru membrii<br>asociației sau beneficiarii asociației – responsabil prof. Radu Bereteu</p>



<p>Geografia școlară: organizează și derulează activități didactice și metodice pentru membrii<br>asociației sau beneficiarii asociației – responsabil prof. Lavinia Bundik</p>



<p>Geografia pentru toți: organizează și derulează activități de promovare a geografiei și științelor<br>mediului înconjurător în rândul populației – responsabil prof. Marius Țiu<br>Secretarul asociației este prof. Alin Cristina Beretu, cenzor este prof. Daniel Gâta, pentru ca<br>președintele asociației să fie prof. Dorel Gureanu. Aceasta este și structura Consiliului Director, ales<br>pentru un mandat de 4 ani.<br>Asociația are următoarele categorii de membri:</p>



<p>Membrii fondatori: sunt cei care au constituit asociația și au contribuit moral și<br>material la înființarea ei și la constituirea patrimoniului social.</p>



<p>Membrii asociați: sunt cei care se asociază ulterior înființării asociației și<br>contribui moral și material la completarea patrimoniului asociației.</p>



<p>Membrii susținători: sunt cei care susțin moral și material asociația, dar nu vor<br>să își asume drepturile și obligațiile membrilor fondatori și asociați.</p>



<p>Membrii de onoare: sunt persoanele cu autoritate științifică și/sau didactică<br>recunoscută în domeniul științelor geografice din țară și de peste hotare, care și-au adus o<br>contribuție deosebită la progresul științelor geografice.<br>Calitatea de membru asociat se dobândește prin cerere scrisă, recunoașterea statutului și plata<br>contribuției de înscriere.<br>Activitățile membrilor asociației sunt grupate în mai multe programe, unele derulându-se deja<br>sau aflate ân curs de derulare:</p>



<p>”Simpozionul Societății de Geografie”, care are rolul de a promova și populariza rezultatele<br>cercetărilor efectuate de profesori de geografie</p>



<p>”Înapoi în Natură”, este un concurs de drumeție montană dedicat elevilor de liceu cu scopul<br>de a le forma acestora deprinderile necesare parcurgerii unui traseu turistic montan</p>



<p>”Cunoaște-ți Județul”, are rolul de a realiza o radiografie geografică a unor spații din județul<br>Arad și de a le promova</p>



<p>”Contribuții Monografice”, reprezintă aportul adus de profesorii ge geografie arădeni la<br>realizarea unor analize cu caracter monografic a unor localități sau unități administrativ-<br>teritoriale arădene.</p>

<p>Societatea de Geografie Arad este o organizație neguvernamentală, de drept privat, înființată în1995 de către un grup de profesori de geografie pasionați. In 2021 asociația a trecut printr-un proces de reconstrucție, necesar atingerii scopului propus”de a stimula cercetarea științifică și metodologică în domeniul științelor geografice în vedereaconștientizării opiniei publice asupra problemelor actuale ale omenirii”. Urmare &hellip; </p>
<p class="link-more"><a href="https://geografiearad.ro/?page_id=27" class="more-link">Citește mai multe<span class="screen-reader-text">„Despre noi”</span></a></p>
